nder when 33382064 is divided by 285?
14
Calculate the remainder when 18522770 is divided by 3745.
0
Calculate the remainder when 417519 is divided by 416237.
1282
Calculate the remainder when 11829547 is divided by 1308.
1303
Calculate the remainder when 3575142 is divided by 553.
550
Calculate the remainder when 269015 is divided by 353.
29
Calculate the remainder when 3542697 is divided by 75.
72
What is the remainder when 1323862 is divided by 182?
176
Calculate the remainder when 4852749 is divided by 294.
279
What is the remainder when 14415 is divided by 1259?
566
What is the remainder when 590424 is divided by 3124?
3112
Calculate the remainder when 7935767 is divided by 1101.
860
Calculate the remainder when 107480 is divided by 25898.
3888
Calculate the remainder when 2646739 is divided by 27.
10
Calculate the remainder when 13757374 is divided by 1965338.
8
What is the remainder when 2960890 is divided by 986945?
55
Calculate the remainder when 90607195 is divided by 211.
208
Calculate the remainder when 212591650 is divided by 29.
16
What is the remainder when 33179 is divided by 30603?
2576
Calculate the remainder when 88443 is divided by 4015.
113
What is the remainder when 1069 is divided by 647?
422
What is the remainder when 3977753 is divided by 1839?
1835
What is the remainder when 817856 is divided by 9004?
7496
Calculate the remainder when 407004 is divided by 406950.
54
Calculate the remainder when 39479453 is divided by 4871.
4869
What is the remainder when 146013 is divided by 12099?
825
Calculate the remainder when 2099459 is divided by 21643.
88
What is the remainder when 612272 is divided by 31?
22
Calculate the remainder when 10981962 is divided by 125.
87
What is the remainder when 174254 is divided by 310?
34
Calculate the remainder when 1950546 is divided by 44330.
26
Calculate the remainder when 52117473 is divided by 2201.
2195
What is the remainder when 13131376 is divided by 792?
16
Calculate the remainder when 8867918 is divided by 32.
14
Calculate the remainder when 315401 is divided by 315363.
38
Calculate the remainder when 19389464 is divided by 246.
236
Calculate the remainder when 24642545 is divided by 195.
5
Calculate the remainder when 61125272 is divided by 155.
92
Calculate the remainder when 431120 is divided by 61586.
18
What is the remainder when 11976349 is divided by 2859?
2857
Calculate the remainder when 250444 is divided by 83443.
115
What is the remainder when 5900233 is divided by 3910?
43
What is the remainder when 7274381 is divided by 104?
101
What is the remainder when 332002 is divided by 3256?
3146
Calculate the remainder when 102610748 is divided by 138476.
32
What is the remainder when 524233 is divided by 3518?
51
Calculate the remainder when 336546387 is divided by 137.
133
What is the remainder when 13993563 is divided by 1179?
12
What is the remainder when 4109119 is divided by 1027227?
211
What is the remainder when 55505 is divided by 3661?
590
Calculate the remainder when 11624 is divided by 237.
11
What is the remainder when 2484971 is divided by 282?
269
What is the remainder when 157753 is divided by 51609?
2926
What is the remainder when 889682 is divided by 1025?
1007
What is the remainder when 1547313 is divided by 81360?
1473
What is the remainder when 643995 is divided by 87?
21
What is the remainder when 59428351 is divided by 779?
778
What is the remainder when 396549 is divided by 13?
10
What is the remainder when 3981508 is divided by 130?
128
Calculate the remainder when 483092 is divided by 161017.
41
Calculate the remainder when 19873343 is divided by 267.
266
What is the remainder when 135143 is divided by 67179?
785
Calculate the remainder when 551266528 is divided by 10.
8
What is the remainder when 719582 is divided by 2736?
14
Calculate the remainder when 2483070523 is divided by 325.
323
What is the remainder when 24015766 is divided by 410?
16
What is the remainder when 299699 is divided by 18731?
3
What is the remainder when 48843944 is divided by 25?
19
Calculate the remainder when 51351991 is divided by 1986.
1975
Calculate the remainder when 5079275 is divided by 35519.
58
What is the remainder when 341407 is divided by 10039?
81
What is the remainder when 40266138 is divided by 467?
464
Calculate the remainder when 2799705 is divided by 111988.
5
Calculate the remainder when 2775337 is divided by 15.
7
What is the remainder when 128700 is divided by 15927?
1284
Calculate the remainder when 625207378 is divided by 2604.
2602
Calculate the remainder when 5678 is divided by 105.
8
Calculate the remainder when 11644808 is divided by 30.
8
What is the remainder when 239648 is divided by 432?
320
What is the remainder when 3901696 is divided by 975376?
192
Calculate the remainder when 609107 is divided by 105.
2
What is the remainder when 2900415 is divided by 611?
609
Calculate the remainder when 157484 is divided by 36600.
11084
Calculate the remainder when 1142143 is divided by 173.
170
What is the remainder when 276782 is divided by 1980?
1562
What is the remainder when 908645 is divided by 592?
517
What is the remainder when 1743283 is divided by 581091?
10
What is the remainder when 14616521 is divided by 685?
676
What is the remainder when 40925542 is divided by 947?
937
What is the remainder when 366555 is divided by 19292?
7
What is the remainder when 774363 is divided by 43?
19
Calculate the remainder when 18950 is divided by 1270.
1170
What is the remainder when 6346233 is divided by 226651?
5
Calculate the remainder when 14746096 is divided by 18.
10
What is the remainder when 39902856 is divided by 58?
16
What is the remainder when 2729856 is divided by 3684?
12
Calculate the remainder when 2106644 is divided by 8.
4
Calculate the remainder when 137895 is divided by 1566.
87
What is the remainder when 28690 is divided by 1263?
904
What is the remainder when 3791020 is divided by 409?
408
Calculate the remainder when 662602 is divided by 2538.
184
Calculate the remainder when 86201176 is divided by 55.
6
What is the remainder when 20089535 is divided by 12?
11
What is the remainder when 602001 is divided by 9005?
7671
Calculate the remainder when 570967 is divided by 503.
62
What is the remainder when 286321 is divided by 26028?
13
Calculate the remainder when 1099300 is divided by 34351.
68
What is the remainder when 12812938 is divided by 244?
10
Calculate the remainder when 3238334 is divided by 137.
65
What is the remainder when 311675 is divided by 9033?
4553
What is the remainder when 488467 is divided by 44402?
45
What is the remainder when 5162743 is divided by 105?
103
Calculate the remainder when 3770561 is divided by 25137.
11
What is the remainder when 38145888 is divided by 12715290?
18
Calculate the remainder when 59359384 is divided by 2195.
2194
What is the remainder when 155312 is divided by 233?
134
What is the remainder when 8016433 is divided by 5192?
5177
What is the remainder when 568235 is divided by 518?
507
Calculate the remainder when 179464 is divided by 9431.
275
What is the remainder when 50646749 is divided by 52?
49
Calculate the remainder when 6168713 is divided by 79.
77
Calculate the remainder when 547437 is divided by 182306.
519
What is the remainder when 248202 is divided by 292?
2
Calculate the remainder when 8954 is divided by 1050.
554
What is the remainder when 882860 is divided by 2589?
11
Calculate the remainder when 948182 is divided by 138.
122
What is the remainder when 881961 is divided by 62997?
3
Calculate the remainder when 2125414 is divided by 20.
14
Calculate the remainder when 92062 is divided by 30222.
1396
Calculate the remainder when 145268559 is divided by 85.
74
What is the remainder when 332469 is divided by 1837?
1809
What is the remainder when 245347841 is divided by 83?
7
Calculate the remainder when 2293970 is divided by 10620.
50
What is the remainder when 753435 is divided by 76?
47
What is the remainder when 3462790 is divided by 289?
281
Calculate the remainder when 437705 is divided by 1459.
5
Calculate the remainder when 259575276 is divided by 167.
162
Calculate the remainder when 2192 is divided by 1956.
236
What is the remainder when 5190993 is divided by 964?
817